*t. Let p = 7 + i. Calculate the greatest common factor of p and 2.
1
Suppose 6*v + 5*m = v + 295, 4*m + 244 = 4*v. What is the greatest common divisor of v and 48?
12
Let d = -46 + 85. Let t = 349 + -154. What is the highest common divisor of d and t?
39
Let n be -6 - (-2*38 + -5). What is the highest common factor of n and 150?
75
Suppose -8*q = -3*q - 35. Calculate the greatest common factor of 553 and q.
7
Let q = -31 + 43. Let l = 18 - q. Suppose -l*h + 55 = -h. Calculate the highest common divisor of h and 110.
11
Suppose 135 = 26*z + 19*z. What is the greatest common factor of z and 372?
3
Suppose 0 = 3*h - 0*h - 393. Suppose -4*q + n + h - 43 = 0, -2*n = 8. What is the greatest common divisor of q and 14?
7
Suppose -214 = -13*p + 137. What is the highest common divisor of p and 198?
9
Let g(t) = 53*t**3 + 2*t**2 - 2*t. Let c be g(1). Calculate the highest common factor of 2 and c.
1
Suppose 10*z - 686 = -666. Calculate the highest common factor of 10 and z.
2
Suppose i - 172 = -4*t, -3*t + 0*t = -3*i + 561. What is the greatest common factor of 23 and i?
23
Let s(j) = j**3 + 17*j**2 - 20*j - 4. Let n be s(-18). Let y = n - 17. Calculate the greatest common divisor of 45 and y.
15
Let b be (-685)/(-12) + (-7)/84. What is the greatest common factor of b and 741?
57
Let t be (111/4 - 2) + (-4)/(-16). Calculate the highest common factor of 26 and t.
26
Suppose -30 - 34 = -16*v. Calculate the greatest common factor of v and 18.
2
Let s(j) = -j**3 + 14*j**2 - 10*j - 68. Let g be s(11). Calculate the greatest common divisor of 148 and g.
37
Let p = 6 + -11. Let g be -2*(-3 - 10/p). Suppose -b = b - g. Calculate the highest common divisor of b and 1.
1
Let i = -356 - -502. Let n = i - -134. Calculate the greatest common factor of 35 and n.
35
Let n be (-4 - (-65)/15) + 107/3. What is the highest common factor of n and 1152?
36
Let x = 445 - 405. What is the greatest common divisor of 260 and x?
20
Let k(t) be the second derivative of t**4/6 + t**3 + 3*t**2 - 2*t. Let i be k(7). Suppose 4*n - i = -42. What is the greatest common divisor of n and 208?
26
Suppose 3*o = -0*o + 138. Let n = -129 - -91. Let u = -15 - n. Calculate the highest common factor of o and u.
23
Suppose 5*u = 3*k + k - 1833, 2*k - 930 = -2*u. Calculate the greatest common factor of 84 and k.
42
Let y = -129 - -140. Suppose -y*i + 146 = -1229. What is the greatest common divisor of 50 and i?
25
Suppose -z = r - 2*z - 473, 3*z = -3*r + 1419. Calculate the greatest common divisor of 11 and r.
11
Let v = -186 + 230. Calculate the greatest common factor of v and 77.
11
Let p be (7 + 0)*(-220)/(-154). What is the greatest common divisor of 640 and p?
10
Suppose 0*p + 12*p - 396 = 0. Calculate the highest common factor of 77 and p.
11
Let d be ((-448)/4)/((-22)/44). Let a be 2/(2/33) + -1. What is the greatest common factor of d and a?
32
Let q(z) = -z + 12. Let k be q(0). Let d(l) = 2*l**2 - 41*l - 408. Let y be d(-8). What is the highest common factor of k and y?
12
Let l(y) = 8*y + 26. Let p be l(-3). Suppose -2*m + 164 = p*k, -5*k - 5*m + 3*m + 407 = 0. Calculate the highest common factor of 108 and k.
27
Let o(g) = g**2 + 7*g - 13. Let q be (-1 - 1)*162/36. Let p be o(q). Let s(t) = -t + 1. Let h be s(-4). What is the greatest common factor of h and p?
5
Let n = 1489 - 1479. Calculate the highest common divisor of n and 155.
5
Suppose -18*w + 14*w - p = -281, 5*p - 355 = -5*w. What is the highest common divisor of w and 160?
10
Let j = 2 - -1. Suppose -4*r - 4*b + 8 = -20, 4*r - 49 = j*b. Suppose -u = 4*i - 90 + 28, -r = 5*u. What is the greatest common factor of 16 and i?
16
Let m = 2147 - 2061. Calculate the greatest common divisor of m and 559.
43
Let y = 336 + -39. What is the greatest common factor of 99 and y?
99
Suppose 2*u = 9*u - 693. Let l = -9 + u. Calculate the greatest common divisor of l and 10.
10
Let q = 304 - 294. Calculate the greatest common divisor of q and 340.
10
Suppose 0 = -3*j + 2*j + 75. Suppose 31*q - 2*s = 28*q + 31, 0 = -4*q - 2*s + 4. Calculate the greatest common factor of q and j.
5
Let d(x) = 238*x**2 + 2. Let h = -23 + 22. Let m be d(h). What is the highest common factor of m and 30?
30
Let n = 30 - -48. What is the greatest common divisor of 6 and n?
6
Let f = 328 - 212. Calculate the greatest common factor of 1682 and f.
58
Let o be (-6 - 1326/(-72))*15*12. Calculate the highest common divisor of 15 and o.
15
Let x = -12 - -27. Suppose 3*v = 4*v - x. Let s = 14 - 8. What is the highest common divisor of v and s?
3
Let d = 292 - 219. What is the greatest common factor of 803 and d?
73
Let x = 73 + -37. Let w be (-115)/138 - (-154)/12. What is the highest common factor of w and x?
12
Let d be (765 + -29 - (1 + 1)) + 7. Calculate the greatest common factor of d and 13.
13
Let v(x) = -x - 3. Let f be v(-11). Suppose 58 = 4*l - f*n + 3*n, 6 = -3*n. What is the greatest common factor of l and 48?
12
Let z = 3435 + -2202. Calculate the greatest common divisor of z and 9.
9
Let w(j) = 2*j**3 + 55*j**2 + 28*j + 100. Let f be w(-27). Calculate the highest common divisor of f and 584.
73
Let q = -952 - -997. Calculate the highest common divisor of 1665 and q.
45
Let q(d) = 2*d + 12. Let a be q(-12). Let k = a + 15. Suppose k*z - 25 = t - 5*t, 4*z = -4*t + 28. Calculate the greatest common factor of 3 and z.
3
Let x be 6/(-5)*(-40 - -10). Suppose 9*f - 20 = 4*f. What is the greatest common divisor of x and f?
4
Suppose -r = -2*k - 82, 3*k + 58 + 28 = r. Let d(t) = -15*t**3 - 2*t**2 - 1. Let x be d(-2). Calculate the greatest common divisor of r and x.
37
Let n(d) = 2*d**2 - d - 3. Let r be n(-4). Suppose 63 + r = 3*x. Let m be 1/(-8) + 708/x. What is the highest common divisor of 176 and m?
22
Let k be (-15)/((-6)/4 - 0). Suppose 5*m - 65 = -5*a, -165 = -m - 5*a - 180. What is the greatest common divisor of k and m?
10
Let t = -10 - -16. Suppose -26 = -z + 4*g, 37 = 2*z + g - t*g. Let l = 7 - -41. What is the highest common factor of l and z?
6
Let b be (12/(-9))/((-2)/6). Suppose g - b = -1. Suppose 22 + 65 = y + 4*m, 0 = y - g*m - 66. What is the highest common divisor of y and 15?
15
Let y be (31 + -33)*(-25)/2 - 0. Let q(k) = 2*k**2 - 11*k - 13. Let g be q(9). Calculate the greatest common factor of g and y.
25
Suppose 11 = 4*x + 3, 4*q + 4*x - 8164 = 0. Suppose 7*y - q = -23. What is the greatest common factor of y and 32?
32
Suppose -6*k + 9*k = -15. Let g be 16/10*k/(-2). Suppose 2*p + 13 + 3 = 5*q, -1 = g*q + 3*p. Calculate the highest common factor of 3 and q.
1
Suppose 0 = l - 11. Let z(c) = c**3 - 11*c**2 + 4*c - 14. Let r be z(l). Let h = r + -14. Calculate the greatest common factor of h and 48.
16
Suppose -69*a = -81*a + 900. Calculate the greatest common divisor of a and 105.
15
Suppose -17*u + 83 + 478 = 0. Calculate the highest common factor of 22 and u.
11
Let p be 20520/133 + (2/(-7))/1. Calculate the greatest common factor of 66 and p.
22
Suppose 0 = 2*d - 43 + 3. Calculate the greatest common factor of 150 and d.
10
Suppose 0 = -f + 5*f - 20, -3*f - 220 = -m. What is the highest common divisor of 188 and m?
47
Let t = -17 - -59. Let r be (-200)/700 - (-2 + (-74)/14). What is the highest common factor of r and t?
7
Suppose 13*a = 8*a. Suppose -4*r = -t + 68, a*r + 5*r = -4*t + 335. Calculate the highest common divisor of t and 10.
10
Suppose 0 = 3*q + 2*u + 35 + 29, 4*u + 110 = -5*q. Let t be (-9)/q - 1582/(-4). What is the greatest common factor of 36 and t?
36
Let w = 57 + -38. What is the greatest common divisor of w and 57?
19
Let z be (-64)/576 + ((-2)/18)/((-1)/631). Let j be 4/(-6) - 527/(-3). What is the greatest common divisor of z and j?
35
Let w(k) = k**3 - 2*k**2 + 2*k + 3. Let s be w(5). Suppose 2*g - 12 = 5*y - 3*y, -g + 5*y - 14 = 0. Calculate the greatest common divisor of g and s.
11
Let v be 22/(-55) + 244/10. Suppose 4*x - x - 52 = -4*s, 4*x = 4*s - v. Calculate the highest common factor of s and 20.
10
Let n(r) be the second derivative of -r**4/12 + r**3/3 + 9*r**2 + 8*r. Let h be n(0). What is the greatest common factor of 2 and h?
2
Let p(f) = -f**3 - 7*f**2 - 8*f + 6. Let q be p(-6). Calculate the greatest common factor of 81 and q.
9
Suppose 2*t - h - 99 = 0, -9*t + 6*t - 4*h = -121. Calculate the highest